rime factors of 4449411?
3, 163, 337
List the prime factors of 3287827.
23, 142949
What are the prime factors of 365852?
2, 91463
List the prime factors of 3254147.
13, 53, 4723
List the prime factors of 7928063.
11, 13, 55441
What are the prime factors of 780863?
277, 2819
List the prime factors of 3950828.
2, 7, 141101
What are the prime factors of 1670962?
2, 31, 26951
What are the prime factors of 16969479?
3, 5656493
What are the prime factors of 19880487?
3, 11, 23, 8731
List the prime factors of 257055.
3, 5, 17137
What are the prime factors of 1706631?
3, 568877
List the prime factors of 22244145.
3, 5, 7, 11, 19259
List the prime factors of 1002562.
2, 11, 199, 229
What are the prime factors of 607478?
2, 17, 1051
What are the prime factors of 1306611?
3, 19, 283
List the prime factors of 103977.
3, 3851
List the prime factors of 5744617.
53, 283, 383
What are the prime factors of 11059560?
2, 3, 5, 31, 991
List the prime factors of 184676.
2, 137, 337
List the prime factors of 7381891.
11, 671081
List the prime factors of 1192000.
2, 5, 149
What are the prime factors of 95693?
13, 17, 433
What are the prime factors of 428683?
428683
List the prime factors of 454272.
2, 3, 7, 13
List the prime factors of 29800152.
2, 3, 151, 2741
List the prime factors of 331107.
3, 7, 15767
What are the prime factors of 764113?
7, 109159
List the prime factors of 3185926.
2, 1592963
What are the prime factors of 189904?
2, 11, 13, 83
List the prime factors of 8220936.
2, 3, 23, 53, 281
List the prime factors of 581780.
2, 5, 19, 1531
List the prime factors of 1235111.
349, 3539
List the prime factors of 4886980.
2, 5, 7, 67, 521
List the prime factors of 454912.
2, 1777
List the prime factors of 716491.
716491
What are the prime factors of 1297898?
2, 7, 92707
List the prime factors of 873137.
17, 51361
List the prime factors of 1657042.
2, 571, 1451
What are the prime factors of 653654?
2, 317, 1031
What are the prime factors of 802489?
73, 10993
List the prime factors of 2000844.
2, 3, 55579
What are the prime factors of 1079451?
3, 31, 53, 73
List the prime factors of 2294208.
2, 3, 7, 569
List the prime factors of 1613210.
2, 5, 353, 457
List the prime factors of 2497708.
2, 17, 23, 1597
What are the prime factors of 3737833?
11, 373, 911
List the prime factors of 3290562.
2, 3, 11, 16619
List the prime factors of 11893925.
5, 31, 103, 149
What are the prime factors of 146094?
2, 3, 13, 1873
List the prime factors of 244934.
2, 29, 41, 103
What are the prime factors of 3209287?
109, 29443
List the prime factors of 621722.
2, 310861
What are the prime factors of 1939930?
2, 5, 193993
What are the prime factors of 417748?
2, 181, 577
What are the prime factors of 3904839?
3, 271, 1601
What are the prime factors of 125823?
3, 41941
What are the prime factors of 21185278?
2, 971, 10909
What are the prime factors of 12306?
2, 3, 7, 293
List the prime factors of 318820.
2, 5, 19, 839
List the prime factors of 17462003.
13, 113, 11887
List the prime factors of 7618357.
7618357
List the prime factors of 241561.
241561
What are the prime factors of 532168?
2, 7, 13, 17, 43
What are the prime factors of 2209293?
3, 245477
What are the prime factors of 6057169?
6057169
What are the prime factors of 17083808?
2, 7, 53, 1439
List the prime factors of 2895543.
3, 7, 19, 41, 59
List the prime factors of 293755.
5, 7, 11, 109
What are the prime factors of 16139073?
3, 5379691
List the prime factors of 1264078.
2, 349, 1811
What are the prime factors of 212349?
3, 70783
List the prime factors of 2980579.
7, 263, 1619
List the prime factors of 336523.
11, 30593
List the prime factors of 9644044.
2, 2411011
List the prime factors of 19636137.
3, 191, 11423
What are the prime factors of 30851055?
3, 5, 61, 11239
What are the prime factors of 261050?
2, 5, 23, 227
What are the prime factors of 16297?
43, 379
List the prime factors of 19129826.
2, 9564913
What are the prime factors of 8008573?
8008573
What are the prime factors of 502418?
2, 7, 17, 2111
What are the prime factors of 12776043?
3, 7, 608383
What are the prime factors of 165358?
2, 29, 2851
What are the prime factors of 1954235?
5, 17, 83, 277
List the prime factors of 4024396.
2, 41, 53, 463
List the prime factors of 460901.
7, 65843
List the prime factors of 28842.
2, 3, 11, 19, 23
What are the prime factors of 5415811?
67, 80833
List the prime factors of 1159415.
5, 461, 503
What are the prime factors of 404919?
3, 4999
List the prime factors of 3851311.
821, 4691
What are the prime factors of 1045716?
2, 3, 7, 59, 211
List the prime factors of 671039.
671039
List the prime factors of 726619.
726619
What are the prime factors of 352396?
2, 11, 8009
List the prime factors of 9323174.
2, 7, 17, 43, 911
List the prime factors of 1344725.
5, 19, 149
List the prime factors of 1503792.
2, 3, 59
List the prime factors of 12673086.
2, 3, 1063, 1987
What are the prime factors of 11532780?
2, 3, 5, 7, 113
List the prime factors of 248904.
2, 3, 3457
List the prime factors of 1734545.
5, 23, 15083
List the prime factors of 1292851.
7, 184693
What are the prime factors of 3574180?
2, 5, 173, 1033
List the prime factors of 1932051.
3, 11, 127, 461
What are the prime factors of 174658?
2, 11, 17, 467
List the prime factors of 100050.
2, 3, 5, 23, 29
What are the prime factors of 3000250?
2, 5, 11, 1091
What are the prime factors of 359503?
47, 7649
List the prime factors of 365755.
5, 13, 17, 331
List the prime factors of 514431.
3, 29, 73
List the prime factors of 4441498.
2, 2220749
What are the prime factors of 1276598?
2, 17, 37547
List the prime factors of 216775.
5, 13, 23, 29
List the prime factors of 116932.
2, 23, 31, 41
List the prime factors of 251836.
2, 13, 29, 167
What are the prime factors of 2071771?
13, 23, 41
List the prime factors of 544538.
2, 272269
What are the prime factors of 300280?
2, 5, 7507
List the prime factors of 431368.
2, 7, 7703
List the prime factors of 5125397.
47, 167, 653
List the prime factors of 127618.
2, 63809
List the prime factors of 490487.
73, 6719
What are the prime factors of 1468143?
3, 163127
List the prime factors of 8770.
2, 5, 877
What are the prime factors of 190948?
2, 47737
What are the prime factors of 284508?
2, 3, 7, 1129
What are the prime factors of 1426960?
2, 5, 17837
List the prime factors of 8934.
2, 3, 1489
What are the prime factors of 25946665?
5, 5189333
What are the prime factors of 5364752?
2, 59, 5683
List the prime factors of 407213.
313, 1301
List the prime factors of 200329.
200329
List the prime factors of 167003.
23, 53, 137
What are the prime factors of 15441146?
2, 7, 1102939
What are the prime factors of 17399715?
3, 5, 1159981
What are the prime factors of 7072251?
3, 2357417
List the prime factors of 14235673.
14235673
List the prime factors of 533780.
2, 5, 13, 2053
What are the prime factors of 259558?
2, 13, 67, 149
List the prime factors of 2379267.
3, 11, 8011
What are the prime factors of 27267442?
2, 811, 16811
List the prime factors of 2282795.
5, 456559
What are the prime factors of 47395?
5, 9479
What are the prime factors of 370642?
2, 47, 3943
What are the prime factors of 4311768?
2, 3, 179657
List the prime factors of 835907.
17, 49171
List the prime factors of 19485397.
53, 367649
What are the prime factors of 41834?
2, 13, 1609
List the prime factors of 156573.
3, 1933
List the prime factors of 111834.
2, 3, 19, 109
List the prime factors of 98943.
3, 13, 43, 59
What are the prime factors of 2249410?
2, 5, 19, 11839
What are the prime factors of 1189499?
59, 20161
List the prime factors of 479362.
2, 13, 103, 179
List the prime factors of 572537.
7, 89, 919
List the prime factors of 599012.
2, 17, 23, 383
What are the prime factors of 6372843?
3, 37, 57413
List the prime factors of 88699.
13, 6823
List the prime factors of 4199224.
2, 71, 7393
What are the prime factors of 8050683?
3, 2683561
What are the prime factors of 101295?
3, 5, 2251
List the prime factors of 15628178.
2, 23, 43, 7901
What are the prime factors of 1458146?
2, 729073
What are the prime factors of 197361?
3, 21929
What are the prime factors of 517296?
2, 3, 13, 829
What are the prime factors of 6073146?
2, 3, 337397
What are the prime factors